?
True
Is 29823 prime?
False
Is 14923 composite?
False
Is 2781887 composite?
False
Is 5683 composite?
False
Is 1369237 prime?
False
Is 2237 a prime number?
True
Is 19378 a composite number?
True
Is 2896207 composite?
False
Is 1663093 composite?
True
Is 52337 prime?
False
Is 342337 prime?
True
Is 1903 a prime number?
False
Is 16141 a composite number?
False
Is 230663 prime?
True
Is 16085 a prime number?
False
Is 4513897 prime?
True
Is 229513 a prime number?
False
Is 16123 prime?
False
Is 230833 composite?
False
Is 4050121 a composite number?
False
Is 5634277 a composite number?
True
Is 614 composite?
True
Is 1657 a prime number?
True
Is 883687 a composite number?
True
Is 139121 a composite number?
False
Is 13619 composite?
False
Is 23089 a prime number?
False
Is 39547 composite?
True
Is 9091 prime?
True
Is 110963 composite?
True
Is 3547 a prime number?
True
Is 124427 a composite number?
False
Is 9967 a composite number?
False
Is 23017 a composite number?
False
Is 2419 prime?
False
Is 2469629 prime?
True
Is 12323 a composite number?
False
Is 127 a prime number?
True
Is 44953 prime?
True
Is 573241 prime?
False
Is 7773 a prime number?
False
Is 236671 a composite number?
True
Is 7759 a composite number?
False
Is 334461 a composite number?
True
Is 33247 composite?
False
Is 545191 a composite number?
True
Is 269615 a prime number?
False
Is 92319 composite?
True
Is 505 a prime number?
False
Is 35983 a composite number?
False
Is 1883563 prime?
False
Is 9493 composite?
True
Is 1337 prime?
False
Is 95383 a prime number?
True
Is 417 prime?
False
Is 11983 composite?
True
Is 1941371 a composite number?
True
Is 157709 prime?
False
Is 539711 a composite number?
False
Is 8006819 composite?
False
Is 850073 a prime number?
False
Is 541 composite?
False
Is 95813 a composite number?
False
Is 20783 composite?
True
Is 1711 a prime number?
False
Is 7453 composite?
True
Is 6139 a prime number?
False
Is 6999 composite?
True
Is 4153 a composite number?
False
Is 288833 composite?
False
Is 5581 a composite number?
False
Is 72811 prime?
False
Is 82699 prime?
True
Is 392057 a composite number?
True
Is 3761 composite?
False
Is 41771 prime?
True
Is 123623 prime?
False
Is 3091 composite?
True
Is 6047 composite?
False
Is 3683 a composite number?
True
Is 1513 prime?
False
Is 199807 a prime number?
True
Is 34171 prime?
True
Is 5381 a composite number?
False
Is 61643 composite?
False
Is 7621 composite?
False
Is 176831 composite?
True
Is 11791 a composite number?
True
Is 345307 prime?
True
Is 24607 composite?
True
Is 1616651 a composite number?
False
Is 12097 composite?
False
Is 16106 a prime number?
False
Is 47867 prime?
False
Is 53111 composite?
True
Is 4201 a prime number?
True
Is 53773 composite?
False
Is 168515 composite?
True
Is 469667 a composite number?
True
Is 1003 a composite number?
True
Is 1124731 composite?
True
Is 6085 a composite number?
True
Is 941 a composite number?
False
Is 580663 a composite number?
False
Is 27191 a composite number?
False
Is 15557 composite?
True
Is 255379 composite?
True
Is 206957 a prime number?
False
Is 501851 a prime number?
False
Is 1706 prime?
False
Is 14699 a prime number?
True
Is 57517 composite?
True
Is 2305 composite?
True
Is 2183 composite?
True
Is 3491 a composite number?
False
Is 851 composite?
True
Is 9167 prime?
False
Is 3359 a composite number?
False
Is 114685 a prime number?
False
Is 2741 composite?
False
Is 4969 a composite number?
False
Is 14395 a composite number?
True
Is 108343 prime?
True
Is 19001 composite?
False
Is 46687 prime?
True
Is 6761 prime?
True
Is 2819 a prime number?
True
Is 279311 a composite number?
False
Is 3671 composite?
False
Is 49597 a prime number?
True
Is 4583 a composite number?
False
Is 289 a composite number?
True
Is 39797 a prime number?
False
Is 2397317 a prime number?
False
Is 105817 a composite number?
False
Is 3037501 prime?
True
Is 1251829 prime?
False
Is 67763 a prime number?
True
Is 360662 composite?
True
Is 14281 a prime number?
True
Is 47923 a composite number?
True
Is 59531 composite?
True
Is 7499 composite?
False
Is 5847 composite?
True
Is 19661 a prime number?
True
Is 214093 composite?
True
Is 127474 a composite number?
True
Is 9151 a prime number?
True
Is 15859 prime?
True
Is 572903 prime?
True
Is 73847 prime?
True
Is 3935 prime?
False
Is 152909 a composite number?
False
Is 15529 composite?
True
Is 429826 composite?
True
Is 1765949 composite?
False
Is 132159 a composite number?
True
Is 4279307 a prime number?
False
Is 693103 composite?
False
Is 1192327 a prime number?
True
Is 66911 a composite number?
True
Is 298742 composite?
True
Is 92098 a prime number?
False
Is 1709 composite?
False
Is 12929 composite?
True
Is 297019 composite?
False
Is 1133629 a composite number?
True
Is 545711 prime?
True
Is 1921 composite?
True
Is 17231 composite?
False
Is 148331 composite?
False
Is 160343 prime?
True
Is 43853 a prime number?
True
Is 449851 composite?
False
Is 140359 prime?
False
Is 3239 a prime number?
False
Is 60019 a prime number?
False
Is 5895761 prime?
True
Is 18933 a composite number?
True
Is 104623 prime?
True
Is 250259 a prime number?
True
Is 17519 composite?
False
Is 4049 a composite number?
False
Is 11273 a prime number?
True
Is 5639 composite?
False
Is 57637 prime?
True
Is 260569 prime?
True
Is 56302 a composite number?
True
Is 377117 a composite number?
True
Is 3749 a prime number?
False
Is 144869 prime?
False
Is 446737 prime?
False
Is 1499773 composite?
True
Is 2435831 a prime number?
True
Is 13129 a composite number?
True
Is 379823 a prime number?
False
Is 1124393 prime?
False
Is 8461 a composite number?
False
Is 932755 a composite number?
True
Is 30551 prime?
False
Is 46807 composite?
False
Is 304597 a prime number?
True
Is 102757 prime?
False
Is 312691 prime?
False
Is 1642 prime?
False
Is 3545 prime?
False
Is 99289 a composite number?
False
Is 13121 prime?
True
Is 54523 a composite number?
True
Is 1273 prime?
False
Is 323603 composite?
True
Is 76327 prime?
False
Is 15503 a composite number?
True
Is 31469 a composite number?
False
Is 37459 a composite number?
True
Is 1910651 a prime number?
True
Is 208733 prime?
False
Is 18295 prime?
False
Is 7169 a prime number?
False
Is 1615279 prime?
True
Is 69981 a prime number?
False
Is 32711 a composite number?
True
Is 183871 a composite number?
False
Is 189217 prime?
False
Is 183003 a composite number?
True
Is 423457 composite?
False
Is 317189 composite?
False
Is 2019 a composite number?
True
Is 761543 prime?
True
Is 58711 a composite number?
False
Is 436105 composite?
True
Is 15091 composite?
False
Is 479 a prime number?
True
Is 1098271 a composite number?
True
Is 23887 composite?
False
Is 439949 composite?
False
Is 4657 a composite number?
False
Is 819187 prime?
True
Is 2899 a composite number?
True
Is 62617 a composite number?
False
Is 8311 a prime number?
True
Is 107477 a prime number?
False
Is 71897 prime?
False
Is 6437 a composite number?
True
Is 1437 a composite number?
True
Is 67517 composite?
True
Is 31643 prime?
True
Is 169183 a composite number?
True
Is 274099 composite?
True
Is 6767 a composite number?
True
Is 7573 a composite number?
False
Is 1657 a prime number?
True
Is 26569 composite?
True
Is 6547 prime?
True
Is 412387 a prime number?
True
Is 324281 composite?
True
Is 40871 a composite number?
True
Is 1181549 composite?
False
Is 1826947 prime?
True
Is 19547 a composite number?
True
Is 809 a prime number?
True
Is 11983 a prime number?
False
Is 512783 a composite number?
True
Is 1027079 prime?
False
Is 2130953 a prime number?
False
Is 250111 composite?
True
Is 10099 a composite number?
False
Is 9461 composite?
False
Is 66767 a prime number?
False
Is 1795951 prime?
True
Is 4547 prime?
True
Is 5345 a prime number?
False
Is 3943 composite?
False
Is 350391 a prime number?
False
Is 210379 a composite number?
True
Is 9091 prime?
True
Is 1704271 a prime number?
True
Is 436591 a composite number?
False
Is 19223 a prime number?
False
Is 13891 a prime number?
False
Is 2393 composite?
False
Is 2721 composite?
True
Is 95603 a prime number?
True
Is 224969 prime?
True
Is 43899 prime?
False
Is 80371 prime?
False
Is 343289 a composite number?
False
Is 3793 composite?
False
Is 28513 composite?
False
Is 197887 composite?
False
Is 101629 pri